{"id":576,"date":"2022-12-20T08:57:16","date_gmt":"2022-12-20T07:57:16","guid":{"rendered":"https:\/\/www.ocnibn.cz\/?page_id=576"},"modified":"2022-12-20T09:41:05","modified_gmt":"2022-12-20T08:41:05","slug":"ocni-ordinace","status":"publish","type":"page","link":"https:\/\/www.ocnibn.cz\/?page_id=576","title":{"rendered":"O\u010dn\u00ed ordinace"},"content":{"rendered":"\n<p><strong>Vy\u0161et\u0159en\u00ed o\u010d\u00ed se zam\u011b\u0159en\u00edm na refrak\u010dn\u00ed vady a jejich korekci, glaukom (zelen\u00fd z\u00e1kal), viteroretin\u00e1ln\u00ed problematika (onemocn\u011bn\u00ed sklivce a s\u00edtnice). Vysok\u00fd standard <a href=\"https:\/\/www.ocnibn.cz\/?page_id=590\" data-type=\"page\" data-id=\"590\">p\u0159\u00edstrojov\u00e9ho vybaven\u00ed<\/a>.<\/strong><\/p>\n\n\n\n<p><strong><a href=\"http:\/\/www.ocnibn.cz\/?page_id=39\">N\u00e1\u0161 t\u00fdm<\/a>\u00a0&#8211; Star\u00e1me se o zdrav\u00ed Va\u0161ich o\u010d\u00ed ji\u017e od roku 1992!<\/strong><\/p>\n","protected":false},"excerpt":{"rendered":"<p>Vy\u0161et\u0159en\u00ed o\u010d\u00ed se zam\u011b\u0159en\u00edm na refrak\u010dn\u00ed vady a jejich korekci, glaukom (zelen\u00fd z\u00e1kal), viteroretin\u00e1ln\u00ed problematika (onemocn\u011bn\u00ed sklivce a s\u00edtnice). Vysok\u00fd standard p\u0159\u00edstrojov\u00e9ho vybaven\u00ed. N\u00e1\u0161 t\u00fdm\u00a0&#8211; Star\u00e1me se o zdrav\u00ed Va\u0161ich o\u010d\u00ed ji\u017e od roku 1992!<\/p>\n","protected":false},"author":1,"featured_media":0,"parent":0,"menu_order":0,"comment_status":"closed","ping_status":"closed","template":"","meta":{"footnotes":""},"class_list":["post-576","page","type-page","status-publish","hentry"],"_links":{"self":[{"href":"https:\/\/www.ocnibn.cz\/index.php?rest_route=\/wp\/v2\/pages\/576","targetHints":{"allow":["GET"]}}],"collection":[{"href":"https:\/\/www.ocnibn.cz\/index.php?rest_route=\/wp\/v2\/pages"}],"about":[{"href":"https:\/\/www.ocnibn.cz\/index.php?rest_route=\/wp\/v2\/types\/page"}],"author":[{"embeddable":true,"href":"https:\/\/www.ocnibn.cz\/index.php?rest_route=\/wp\/v2\/users\/1"}],"replies":[{"embeddable":true,"href":"https:\/\/www.ocnibn.cz\/index.php?rest_route=%2Fwp%2Fv2%2Fcomments&post=576"}],"version-history":[{"count":3,"href":"https:\/\/www.ocnibn.cz\/index.php?rest_route=\/wp\/v2\/pages\/576\/revisions"}],"predecessor-version":[{"id":592,"href":"https:\/\/www.ocnibn.cz\/index.php?rest_route=\/wp\/v2\/pages\/576\/revisions\/592"}],"wp:attachment":[{"href":"https:\/\/www.ocnibn.cz\/index.php?rest_route=%2Fwp%2Fv2%2Fmedia&parent=576"}],"curies":[{"name":"wp","href":"https:\/\/api.w.org\/{rel}","templated":true}]}}