{"id":574,"date":"2022-12-20T09:45:35","date_gmt":"2022-12-20T08:45:35","guid":{"rendered":"https:\/\/www.ocnibn.cz\/?page_id=574"},"modified":"2026-03-16T12:59:25","modified_gmt":"2026-03-16T11:59:25","slug":"aktuality","status":"publish","type":"page","link":"https:\/\/www.ocnibn.cz\/","title":{"rendered":"Aktuality"},"content":{"rendered":"\n<p><strong>18.3.2026 ordinace pouze do 17:00!<\/strong><br>24.4.2026 MUDr. Ocelka dovolen\u00e1<br>Od 1.1.2026 MUDr. Farionov\u00e1 ordinuje pouze ve \u010dtvrtek!<br>MUDr. Sedl\u00e1\u010dkov\u00e1 od 16.2. do odvol\u00e1n\u00ed neordinuje!<\/p>\n\n\n\n<p> &#8211;<\/p>\n\n\n\n<p>V\u00e1\u017een\u00ed pacienti,<br>v na\u0161\u00ed \u010dek\u00e1rn\u011b lze v sou\u010dasnosti o\u010dek\u00e1vat v\u011bt\u0161\u00ed n\u00e1por a del\u0161\u00ed \u010dek\u00e1n\u00ed, a to z d\u016fvodu chronick\u00e9ho p\u0159et\u00ed\u017een\u00ed na\u0161\u00ed ambulance kv\u016fli v\u00fdrazn\u00e9mu sn\u00ed\u017een\u00ed po\u010dtu oftalmolog\u016f v nejbli\u017e\u0161\u00edm okol\u00ed v posledn\u00ed dob\u011b. Sna\u017e\u00edme se zvl\u00e1dnout ve\u0161ker\u00fd n\u00e1por pacient\u016f je\u0161t\u011b tent\u00fd\u017e den, ale jsou dny, kdy bohu\u017eel dojde k vy\u010derp\u00e1n\u00ed kapacity vy\u0161et\u0159en\u00fdch pacient\u016f pro dan\u00fd den. Pros\u00edme, bu\u010fte trp\u011bliv\u00ed.<br>D\u011bkujeme za pochopen\u00ed!<\/p>\n\n\n\n<p><br><strong>Na b\u011b\u017en\u00e1 vy\u0161et\u0159en\u00ed neobjedn\u00e1v\u00e1me!<\/strong><br>(B\u011b\u017en\u00e1 vy\u0161et\u0159en\u00ed = 1. vy\u0161et\u0159en\u00ed, vy\u0161et\u0159en\u00ed d\u011bt\u00ed v\u010detn\u011b vy\u0161. p\u0159\u00edstrojem Plusoptix, preventivn\u00ed vy\u0161et\u0159en\u00ed, kontroln\u00ed vy\u0161et\u0159en\u00ed, p\u0159edpis br\u00fdl\u00ed, vy\u0161et\u0159en\u00ed na diabetologii)<\/p>\n\n\n\n<h2 class=\"wp-block-heading has-vivid-red-color has-text-color has-link-color wp-elements-63b62bf4f45c8ccab27c28f876eb3372\">Nov\u00e9 pacienty p\u0159ij\u00edm\u00e1me. P\u0159i p\u0159echodu z jin\u00e9ho pracovi\u0161t\u011b vy\u0161et\u0159\u00edme pouze akutn\u011b (tzn. \u00faraz, infekce), pro jin\u00e1 vy\u0161et\u0159en\u00ed je nutn\u00e9 don\u00e9st v\u00fdpis z dokumentace!<br>Pacienti p\u0159ech\u00e1zej\u00edc\u00ed z ordinace v S\u00e1zav\u011b si mohou vy\u017e\u00e1dat dokumentaci p\u0159es O\u010dn\u00ed odd\u011blen\u00ed Nemocnice Rudolfa a Stefanie v Bene\u0161ov\u011b.<\/h2>\n\n\n\n<p><strong>Ordina\u010dn\u00ed hodiny:<\/strong><\/p>\n\n\n\n<figure class=\"wp-block-table\"><table><tbody><tr><td><\/td><td>pond\u011bl\u00ed<\/td><td>\u00fater\u00fd<\/td><td>st\u0159eda<\/td><td>\u010dtvrtek<\/td><td>p\u00e1tek<\/td><\/tr><tr><td>MUDr. Pavel Dvo\u0159\u00e1k<\/td><td>7:00 &#8211; 14:30<\/td><td>7:30 &#8211; 14:30<\/td><td>7:30 &#8211; 18:00<\/td><td><\/td><td>viz <a href=\"https:\/\/www.ocnibn.cz\/?page_id=836\">rozpis<\/a><\/td><\/tr><tr><td>MUDr. Ad\u00e9la Sedl\u00e1\u010dkov\u00e1<\/td><td><\/td><td><\/td><td><\/td><td><\/td><td><\/td><\/tr><tr><td>MUDr. Lenka Farionov\u00e1<\/td><td><\/td><td><\/td><td><\/td><td>7:30 &#8211; 14:30<\/td><td><\/td><\/tr><tr><td>MUDr. Michael Dvo\u0159\u00e1k<\/td><td><\/td><td><\/td><td>7:30 &#8211; 18:00<\/td><td><\/td><td>viz <a href=\"https:\/\/www.ocnibn.cz\/?page_id=836\">rozpis<\/a><\/td><\/tr><tr><td>MUDr. Zden\u011bk Ocelka<\/td><td><\/td><td><\/td><td><\/td><td><\/td><td>7:30 &#8211; 14:00<\/td><\/tr><\/tbody><\/table><\/figure>\n\n\n\n<p><\/p>\n","protected":false},"excerpt":{"rendered":"<p>18.3.2026 ordinace pouze do 17:00!24.4.2026 MUDr. Ocelka dovolen\u00e1Od 1.1.2026 MUDr. Farionov\u00e1 ordinuje pouze ve \u010dtvrtek!MUDr. Sedl\u00e1\u010dkov\u00e1 od 16.2. do odvol\u00e1n\u00ed neordinuje! &#8211; V\u00e1\u017een\u00ed pacienti,v na\u0161\u00ed \u010dek\u00e1rn\u011b lze v sou\u010dasnosti o\u010dek\u00e1vat v\u011bt\u0161\u00ed n\u00e1por a del\u0161\u00ed \u010dek\u00e1n\u00ed, a to z d\u016fvodu chronick\u00e9ho p\u0159et\u00ed\u017een\u00ed na\u0161\u00ed ambulance kv\u016fli v\u00fdrazn\u00e9mu sn\u00ed\u017een\u00ed po\u010dtu oftalmolog\u016f v nejbli\u017e\u0161\u00edm okol\u00ed v posledn\u00ed dob\u011b. Sna\u017e\u00edme &hellip;<br \/><a href=\"https:\/\/www.ocnibn.cz\/\" class=\"more-link pen_button pen_element_default pen_icon_arrow_double\">Pokra\u010dovat ve\u00a0\u010dten\u00ed <span class=\"screen-reader-text\">Aktuality<\/span><\/a><\/p>\n","protected":false},"author":1,"featured_media":0,"parent":0,"menu_order":0,"comment_status":"closed","ping_status":"closed","template":"","meta":{"footnotes":""},"class_list":["post-574","page","type-page","status-publish","hentry"],"_links":{"self":[{"href":"https:\/\/www.ocnibn.cz\/index.php?rest_route=\/wp\/v2\/pages\/574","targetHints":{"allow":["GET"]}}],"collection":[{"href":"https:\/\/www.ocnibn.cz\/index.php?rest_route=\/wp\/v2\/pages"}],"about":[{"href":"https:\/\/www.ocnibn.cz\/index.php?rest_route=\/wp\/v2\/types\/page"}],"author":[{"embeddable":true,"href":"https:\/\/www.ocnibn.cz\/index.php?rest_route=\/wp\/v2\/users\/1"}],"replies":[{"embeddable":true,"href":"https:\/\/www.ocnibn.cz\/index.php?rest_route=%2Fwp%2Fv2%2Fcomments&post=574"}],"version-history":[{"count":124,"href":"https:\/\/www.ocnibn.cz\/index.php?rest_route=\/wp\/v2\/pages\/574\/revisions"}],"predecessor-version":[{"id":979,"href":"https:\/\/www.ocnibn.cz\/index.php?rest_route=\/wp\/v2\/pages\/574\/revisions\/979"}],"wp:attachment":[{"href":"https:\/\/www.ocnibn.cz\/index.php?rest_route=%2Fwp%2Fv2%2Fmedia&parent=574"}],"curies":[{"name":"wp","href":"https:\/\/api.w.org\/{rel}","templated":true}]}}